{"id":32852,"date":"2021-01-20T11:07:25","date_gmt":"2021-01-20T10:07:25","guid":{"rendered":"https:\/\/www.gouvinfo.org\/IAI\/?page_id=32852"},"modified":"2023-01-26T08:28:54","modified_gmt":"2023-01-26T07:28:54","slug":"agenda-des-seminaires","status":"publish","type":"page","link":"https:\/\/gouvinfo.org\/IAI\/agenda-des-seminaires\/","title":{"rendered":""},"content":{"rendered":"<p>[et_pb_section fb_built=&#8221;1&#8243; next_background_color=&#8221;#ffffff&#8221; _builder_version=&#8221;4.16&#8243; _module_preset=&#8221;default&#8221; background_color=&#8221;rgba(180,160,160,0.14)&#8221; custom_margin=&#8221;33px||-33px||false|false&#8221; custom_padding=&#8221;||0px||false|false&#8221; top_divider_style=&#8221;wave2&#8243; top_divider_color=&#8221;#FFFFFF&#8221; top_divider_height=&#8221;175px&#8221; bottom_divider_style=&#8221;wave2&#8243; bottom_divider_height=&#8221;253px&#8221; global_colors_info=&#8221;{}&#8221;][et_pb_row _builder_version=&#8221;4.16&#8243; _module_preset=&#8221;default&#8221; background_color=&#8221;#e3dddd&#8221; custom_margin=&#8221;||33px||false|false&#8221; custom_padding=&#8221;|33px|0px|33px|false|false&#8221; global_colors_info=&#8221;{}&#8221;][et_pb_column type=&#8221;4_4&#8243; _builder_version=&#8221;4.16&#8243; _module_preset=&#8221;default&#8221; global_colors_info=&#8221;{}&#8221;][et_pb_text _builder_version=&#8221;4.16&#8243; _module_preset=&#8221;default&#8221; text_font=&#8221;|||||on|||&#8221; text_text_color=&#8221;#000000&#8243; global_colors_info=&#8221;{}&#8221;]<\/p>\n<h3 style=\"text-align: center;\">Formations GouvInfo<\/h3>\n<p>[\/et_pb_text][dvppl_cf7_styler cf7=&#8221;25280&#8243; _builder_version=&#8221;4.16&#8243; _module_preset=&#8221;default&#8221; background_color=&#8221;#e3dddd&#8221; global_colors_info=&#8221;{}&#8221;][\/dvppl_cf7_styler][\/et_pb_column][\/et_pb_row][et_pb_row _builder_version=&#8221;4.16&#8243; _module_preset=&#8221;default&#8221; global_colors_info=&#8221;{}&#8221;][et_pb_column type=&#8221;4_4&#8243; _builder_version=&#8221;4.16&#8243; _module_preset=&#8221;default&#8221; global_colors_info=&#8221;{}&#8221;][\/et_pb_column][\/et_pb_row][\/et_pb_section]<\/p>\n","protected":false},"excerpt":{"rendered":"<p>Formations GouvInfo&#8230;<\/p>\n","protected":false},"author":10002,"featured_media":34648,"parent":0,"menu_order":0,"comment_status":"closed","ping_status":"closed","template":"","meta":{"_et_pb_use_builder":"on","_et_pb_old_content":"<table style=\"width: 100%; border-collapse: collapse; background-color: #d2c8c8; height: 59px;\">\r\n<tbody>\r\n<tr style=\"height: 15px;\">\r\n<td style=\"width: 15.7286%; text-align: center;\">\r\n<h3><\/h3>\r\n<\/td>\r\n<td style=\"width: 69.1206%; text-align: center; height: 15px;\">\r\n<h3>Agenda des s\u00e9minaires<\/h3>\r\n<\/td>\r\n<td style=\"width: 15.1508%; text-align: center;\">\r\n<h3><\/h3>\r\n<\/td>\r\n<\/tr>\r\n<\/tbody>\r\n<\/table>\r\n<table class=\"aligncenter\" style=\"width: 75%; border-collapse: collapse; background-color: #f0f0f0; border-color: #ffffff; border-style: solid;\" border=\"1\">\r\n<tbody>\r\n<tr style=\"height: 23px;\">\r\n<td style=\"width: 7.33333%; height: 23px; border-style: solid; border-color: #bfbfbf;\"><strong>Ann\u00e9e<\/strong><\/td>\r\n<td style=\"width: 14.8334%; height: 23px; border-style: solid; border-color: #bfbfbf;\"><strong>Trimestre<\/strong><\/td>\r\n<td style=\"width: 9.1242%; height: 23px; border-style: solid; border-color: #bfbfbf;\"><strong>Code<\/strong><\/td>\r\n<td style=\"width: 63.5331%; height: 23px; border-style: solid; border-color: #bfbfbf;\"><strong>Session<\/strong><\/td>\r\n<td style=\"width: 1.10011%; height: 23px; border-style: solid; border-color: #bfbfbf;\">Nombre<\/td>\r\n<\/tr>\r\n<tr style=\"height: 18px;\">\r\n<td style=\"width: 7.33333%; height: 18px; border-style: solid; border-color: #bfbfbf;\">2020<\/td>\r\n<td style=\"width: 14.8334%; height: 18px; border-style: solid; border-color: #bfbfbf;\">Oct. Nov. Dec.<\/td>\r\n<td style=\"width: 9.1242%; height: 18px; text-align: center; border-style: solid; border-color: #bfbfbf;\">G2<\/td>\r\n<td style=\"width: 63.5331%; height: 18px; border-style: solid; border-color: #bfbfbf;\">Vue globale : Formation sachants<\/td>\r\n<td style=\"width: 1.10011%; text-align: center; vertical-align: middle; height: 18px; border-style: solid; border-color: #bfbfbf;\">2<\/td>\r\n<\/tr>\r\n<tr style=\"height: 23px;\">\r\n<td style=\"width: 7.33333%; height: 92px; border-style: solid; border-color: #bfbfbf;\" rowspan=\"4\">2021<\/td>\r\n<td style=\"width: 14.8334%; height: 23px; border-style: solid; border-color: #bfbfbf;\">Jan. F\u00e9v. Mars<\/td>\r\n<td style=\"width: 9.1242%; height: 23px; text-align: center; border-style: solid; border-color: #bfbfbf;\">G2\r\n\r\nC1&2<\/td>\r\n<td style=\"width: 63.5331%; height: 23px; border-style: solid; border-color: #bfbfbf;\">Vue globale : Formation sachants\r\n\r\nConstruire et valoriser une d\u00e9marche : M\u00e9thodes et business Case<\/td>\r\n<td style=\"width: 1.10011%; text-align: center; vertical-align: middle; height: 23px; border-style: solid; border-color: #bfbfbf;\">1\r\n\r\n1<\/td>\r\n<\/tr>\r\n<tr style=\"height: 23px;\">\r\n<td style=\"width: 14.8334%; height: 23px; border-style: solid; border-color: #bfbfbf;\">Avr. Mai. Juin<\/td>\r\n<td style=\"width: 9.1242%; height: 23px; text-align: center; border-style: solid; border-color: #bfbfbf;\">G1\r\n\r\nG2\r\n\r\nC1&2\r\n\r\nD1&2&3<\/td>\r\n<td style=\"width: 63.5331%; height: 23px; border-style: solid; border-color: #bfbfbf;\">Vue globale : Formation ex\u00e9cutive\r\n\r\nVue globale : Formation sachants\r\n\r\nConstruire et valoriser une d\u00e9marche : M\u00e9thodes et business Case\r\n\r\nMettre en place : Comitologie \/ Cadre de r\u00e9f\u00e9rence \/ R\u00e9f\u00e9rentiel ma\u00eetre<\/td>\r\n<td style=\"width: 1.10011%; text-align: center; vertical-align: middle; height: 23px; border-style: solid; border-color: #bfbfbf;\">1\r\n\r\n2\r\n\r\n1\r\n\r\n2<\/td>\r\n<\/tr>\r\n<tr style=\"height: 23px;\">\r\n<td style=\"width: 14.8334%; height: 23px; border-style: solid; border-color: #bfbfbf;\">Juil. Aout Sep<\/td>\r\n<td style=\"width: 9.1242%; height: 23px; text-align: center; border-style: solid; border-color: #bfbfbf;\">G1\r\n\r\nG2\r\n\r\nD1&2&3\r\n\r\nD4<\/td>\r\n<td style=\"width: 63.5331%; height: 23px; border-style: solid; border-color: #bfbfbf;\">Vue globale : Formation sachants\r\n\r\nVue globale : Formation ex\u00e9cutive\r\n\r\nMettre en place : Comitologie \/ Cadre de r\u00e9f\u00e9rence \/ R\u00e9f\u00e9rentiel ma\u00eetre\r\n\r\nMettre en place une offre de services riche (GouvInfo -> SI)<\/td>\r\n<td style=\"width: 1.10011%; text-align: center; vertical-align: middle; height: 23px; border-style: solid; border-color: #bfbfbf;\">2\r\n\r\n1\r\n\r\n3\r\n\r\n1<\/td>\r\n<\/tr>\r\n<tr style=\"height: 23px;\">\r\n<td style=\"width: 14.8334%; height: 23px; border-style: solid; border-color: #bfbfbf;\">Oct. Nov. Dec.<\/td>\r\n<td style=\"width: 9.1242%; height: 23px; text-align: center; border-style: solid; border-color: #bfbfbf;\">G2\r\n\r\nC1&2\r\n\r\nD1&2&3\r\n\r\nD4<\/td>\r\n<td style=\"width: 63.5331%; height: 23px; border-style: solid; border-color: #bfbfbf;\">Vue globale : Formation sachants\r\n\r\nConstruire et valoriser une d\u00e9marche : M\u00e9thodes et business Case\r\n\r\nMettre en place : Comitologie \/ Cadre de r\u00e9f\u00e9rence \/ R\u00e9f\u00e9rentiel ma\u00eetre\r\n\r\nMettre en place une offre de services riche (GouvInfo -> SI)<\/td>\r\n<td style=\"width: 1.10011%; text-align: center; vertical-align: middle; height: 23px; border-style: solid; border-color: #bfbfbf;\">3\r\n\r\n1\r\n\r\n3\r\n\r\n1<\/td>\r\n<\/tr>\r\n<\/tbody>\r\n<\/table>\r\n<p style=\"text-align: center;\">NOTE : Afin de cr\u00e9er des groupes compl\u00e9mentaires, les dates de session sont ajust\u00e9es en fonction des profils et attentes des inscrits.<\/p>\r\n<p style=\"text-align: center;\"><span style=\"text-decoration: underline;\"><a href=\"https:\/\/gouvinfo.org\/IAI\/seminaires-gouvinfo\/\"><em>Revenir sur la page de pr\u00e9sentation des s\u00e9minaires<\/em><\/a><\/span><\/p>","_et_gb_content_width":"","jetpack_post_was_ever_published":false,"footnotes":""},"class_list":["post-32852","page","type-page","status-publish","has-post-thumbnail","hentry"],"yoast_head":"<!-- This site is optimized with the Yoast SEO plugin v27.5 - https:\/\/yoast.com\/product\/yoast-seo-wordpress\/ -->\n<title>- #GouvInfo<\/title>\n<meta name=\"description\" content=\"La communaut\u00e9 de l&#039;info fait du flux Information un des fondamentaux de nos organisations, pour favoriser une bonne gouvernance de l&#039;information - IAI.\" \/>\n<meta name=\"robots\" content=\"index, follow, max-snippet:-1, max-image-preview:large, max-video-preview:-1\" \/>\n<link rel=\"canonical\" href=\"https:\/\/gouvinfo.org\/IAI\/agenda-des-seminaires\/\" \/>\n<meta property=\"og:locale\" content=\"fr_FR\" \/>\n<meta property=\"og:type\" content=\"article\" \/>\n<meta property=\"og:title\" content=\"- #GouvInfo\" \/>\n<meta property=\"og:description\" content=\"La communaut\u00e9 de l&#039;info fait du flux Information un des fondamentaux de nos organisations, pour favoriser une bonne gouvernance de l&#039;information - IAI.\" \/>\n<meta property=\"og:url\" content=\"https:\/\/gouvinfo.org\/IAI\/agenda-des-seminaires\/\" \/>\n<meta property=\"og:site_name\" content=\"#GouvInfo\" \/>\n<meta property=\"article:modified_time\" content=\"2023-01-26T07:28:54+00:00\" \/>\n<meta property=\"og:image\" content=\"https:\/\/gouvinfo.org\/IAI\/wp-content\/uploads\/2022-Formation-GouvInfo.png\" \/>\n\t<meta property=\"og:image:width\" content=\"956\" \/>\n\t<meta property=\"og:image:height\" content=\"865\" \/>\n\t<meta property=\"og:image:type\" content=\"image\/png\" \/>\n<meta name=\"twitter:card\" content=\"summary_large_image\" \/>\n<meta name=\"twitter:site\" content=\"@gouvinfo\" \/>\n<meta name=\"twitter:label1\" content=\"Dur\u00e9e de lecture estim\u00e9e\" \/>\n\t<meta name=\"twitter:data1\" content=\"1 minute\" \/>\n<script type=\"application\/ld+json\" class=\"yoast-schema-graph\">{\"@context\":\"https:\\\/\\\/schema.org\",\"@graph\":[{\"@type\":\"WebPage\",\"@id\":\"https:\\\/\\\/gouvinfo.org\\\/IAI\\\/agenda-des-seminaires\\\/\",\"url\":\"https:\\\/\\\/gouvinfo.org\\\/IAI\\\/agenda-des-seminaires\\\/\",\"name\":\"- #GouvInfo\",\"isPartOf\":{\"@id\":\"https:\\\/\\\/gouvinfo.org\\\/IAI\\\/#website\"},\"primaryImageOfPage\":{\"@id\":\"https:\\\/\\\/gouvinfo.org\\\/IAI\\\/agenda-des-seminaires\\\/#primaryimage\"},\"image\":{\"@id\":\"https:\\\/\\\/gouvinfo.org\\\/IAI\\\/agenda-des-seminaires\\\/#primaryimage\"},\"thumbnailUrl\":\"https:\\\/\\\/i0.wp.com\\\/gouvinfo.org\\\/IAI\\\/wp-content\\\/uploads\\\/2022-Formation-GouvInfo.png?fit=956%2C865&ssl=1\",\"datePublished\":\"2021-01-20T10:07:25+00:00\",\"dateModified\":\"2023-01-26T07:28:54+00:00\",\"description\":\"La communaut\u00e9 de l'info fait du flux Information un des fondamentaux de nos organisations, pour favoriser une bonne gouvernance de l'information - IAI.\",\"breadcrumb\":{\"@id\":\"https:\\\/\\\/gouvinfo.org\\\/IAI\\\/agenda-des-seminaires\\\/#breadcrumb\"},\"inLanguage\":\"fr-FR\",\"potentialAction\":[{\"@type\":\"ReadAction\",\"target\":[\"https:\\\/\\\/gouvinfo.org\\\/IAI\\\/agenda-des-seminaires\\\/\"]}]},{\"@type\":\"ImageObject\",\"inLanguage\":\"fr-FR\",\"@id\":\"https:\\\/\\\/gouvinfo.org\\\/IAI\\\/agenda-des-seminaires\\\/#primaryimage\",\"url\":\"https:\\\/\\\/i0.wp.com\\\/gouvinfo.org\\\/IAI\\\/wp-content\\\/uploads\\\/2022-Formation-GouvInfo.png?fit=956%2C865&ssl=1\",\"contentUrl\":\"https:\\\/\\\/i0.wp.com\\\/gouvinfo.org\\\/IAI\\\/wp-content\\\/uploads\\\/2022-Formation-GouvInfo.png?fit=956%2C865&ssl=1\",\"width\":956,\"height\":865},{\"@type\":\"BreadcrumbList\",\"@id\":\"https:\\\/\\\/gouvinfo.org\\\/IAI\\\/agenda-des-seminaires\\\/#breadcrumb\",\"itemListElement\":[]},{\"@type\":\"WebSite\",\"@id\":\"https:\\\/\\\/gouvinfo.org\\\/IAI\\\/#website\",\"url\":\"https:\\\/\\\/gouvinfo.org\\\/IAI\\\/\",\"name\":\"#GouvInfo\",\"description\":\"D\u00e9velopper une vue globale des donn\u00e9es et de leurs gouvernances\",\"potentialAction\":[{\"@type\":\"SearchAction\",\"target\":{\"@type\":\"EntryPoint\",\"urlTemplate\":\"https:\\\/\\\/gouvinfo.org\\\/IAI\\\/?s={search_term_string}\"},\"query-input\":{\"@type\":\"PropertyValueSpecification\",\"valueRequired\":true,\"valueName\":\"search_term_string\"}}],\"inLanguage\":\"fr-FR\"}]}<\/script>\n<!-- \/ Yoast SEO plugin. -->","yoast_head_json":{"title":"- #GouvInfo","description":"La communaut\u00e9 de l'info fait du flux Information un des fondamentaux de nos organisations, pour favoriser une bonne gouvernance de l'information - IAI.","robots":{"index":"index","follow":"follow","max-snippet":"max-snippet:-1","max-image-preview":"max-image-preview:large","max-video-preview":"max-video-preview:-1"},"canonical":"https:\/\/gouvinfo.org\/IAI\/agenda-des-seminaires\/","og_locale":"fr_FR","og_type":"article","og_title":"- #GouvInfo","og_description":"La communaut\u00e9 de l'info fait du flux Information un des fondamentaux de nos organisations, pour favoriser une bonne gouvernance de l'information - IAI.","og_url":"https:\/\/gouvinfo.org\/IAI\/agenda-des-seminaires\/","og_site_name":"#GouvInfo","article_modified_time":"2023-01-26T07:28:54+00:00","og_image":[{"width":956,"height":865,"url":"https:\/\/gouvinfo.org\/IAI\/wp-content\/uploads\/2022-Formation-GouvInfo.png","type":"image\/png"}],"twitter_card":"summary_large_image","twitter_site":"@gouvinfo","twitter_misc":{"Dur\u00e9e de lecture estim\u00e9e":"1 minute"},"schema":{"@context":"https:\/\/schema.org","@graph":[{"@type":"WebPage","@id":"https:\/\/gouvinfo.org\/IAI\/agenda-des-seminaires\/","url":"https:\/\/gouvinfo.org\/IAI\/agenda-des-seminaires\/","name":"- #GouvInfo","isPartOf":{"@id":"https:\/\/gouvinfo.org\/IAI\/#website"},"primaryImageOfPage":{"@id":"https:\/\/gouvinfo.org\/IAI\/agenda-des-seminaires\/#primaryimage"},"image":{"@id":"https:\/\/gouvinfo.org\/IAI\/agenda-des-seminaires\/#primaryimage"},"thumbnailUrl":"https:\/\/i0.wp.com\/gouvinfo.org\/IAI\/wp-content\/uploads\/2022-Formation-GouvInfo.png?fit=956%2C865&ssl=1","datePublished":"2021-01-20T10:07:25+00:00","dateModified":"2023-01-26T07:28:54+00:00","description":"La communaut\u00e9 de l'info fait du flux Information un des fondamentaux de nos organisations, pour favoriser une bonne gouvernance de l'information - IAI.","breadcrumb":{"@id":"https:\/\/gouvinfo.org\/IAI\/agenda-des-seminaires\/#breadcrumb"},"inLanguage":"fr-FR","potentialAction":[{"@type":"ReadAction","target":["https:\/\/gouvinfo.org\/IAI\/agenda-des-seminaires\/"]}]},{"@type":"ImageObject","inLanguage":"fr-FR","@id":"https:\/\/gouvinfo.org\/IAI\/agenda-des-seminaires\/#primaryimage","url":"https:\/\/i0.wp.com\/gouvinfo.org\/IAI\/wp-content\/uploads\/2022-Formation-GouvInfo.png?fit=956%2C865&ssl=1","contentUrl":"https:\/\/i0.wp.com\/gouvinfo.org\/IAI\/wp-content\/uploads\/2022-Formation-GouvInfo.png?fit=956%2C865&ssl=1","width":956,"height":865},{"@type":"BreadcrumbList","@id":"https:\/\/gouvinfo.org\/IAI\/agenda-des-seminaires\/#breadcrumb","itemListElement":[]},{"@type":"WebSite","@id":"https:\/\/gouvinfo.org\/IAI\/#website","url":"https:\/\/gouvinfo.org\/IAI\/","name":"#GouvInfo","description":"D\u00e9velopper une vue globale des donn\u00e9es et de leurs gouvernances","potentialAction":[{"@type":"SearchAction","target":{"@type":"EntryPoint","urlTemplate":"https:\/\/gouvinfo.org\/IAI\/?s={search_term_string}"},"query-input":{"@type":"PropertyValueSpecification","valueRequired":true,"valueName":"search_term_string"}}],"inLanguage":"fr-FR"}]}},"jetpack_shortlink":"https:\/\/wp.me\/P3WHBZ-8xS","jetpack_sharing_enabled":true,"_links":{"self":[{"href":"https:\/\/gouvinfo.org\/IAI\/wp-json\/wp\/v2\/pages\/32852","targetHints":{"allow":["GET"]}}],"collection":[{"href":"https:\/\/gouvinfo.org\/IAI\/wp-json\/wp\/v2\/pages"}],"about":[{"href":"https:\/\/gouvinfo.org\/IAI\/wp-json\/wp\/v2\/types\/page"}],"author":[{"embeddable":true,"href":"https:\/\/gouvinfo.org\/IAI\/wp-json\/wp\/v2\/users\/10002"}],"replies":[{"embeddable":true,"href":"https:\/\/gouvinfo.org\/IAI\/wp-json\/wp\/v2\/comments?post=32852"}],"version-history":[{"count":26,"href":"https:\/\/gouvinfo.org\/IAI\/wp-json\/wp\/v2\/pages\/32852\/revisions"}],"predecessor-version":[{"id":34618,"href":"https:\/\/gouvinfo.org\/IAI\/wp-json\/wp\/v2\/pages\/32852\/revisions\/34618"}],"wp:featuredmedia":[{"embeddable":true,"href":"https:\/\/gouvinfo.org\/IAI\/wp-json\/wp\/v2\/media\/34648"}],"wp:attachment":[{"href":"https:\/\/gouvinfo.org\/IAI\/wp-json\/wp\/v2\/media?parent=32852"}],"curies":[{"name":"wp","href":"https:\/\/api.w.org\/{rel}","templated":true}]}}