{"id":33901,"date":"2021-07-13T10:28:18","date_gmt":"2021-07-13T08:28:18","guid":{"rendered":"https:\/\/gouvinfo.org\/IAI\/?page_id=33901"},"modified":"2023-07-27T11:22:33","modified_gmt":"2023-07-27T09:22:33","slug":"devenir-adherent","status":"publish","type":"page","link":"https:\/\/gouvinfo.org\/IAI\/devenir-adherent\/","title":{"rendered":"Devenir adh\u00e9rent"},"content":{"rendered":"[et_pb_section fb_built=&#8221;1&#8243; admin_label=&#8221;section&#8221; _builder_version=&#8221;4.16&#8243; global_colors_info=&#8221;{}&#8221;][et_pb_row admin_label=&#8221;row&#8221; _builder_version=&#8221;4.21.0&#8243; background_size=&#8221;initial&#8221; background_position=&#8221;top_left&#8221; background_repeat=&#8221;repeat&#8221; hover_enabled=&#8221;0&#8243; global_colors_info=&#8221;{}&#8221; sticky_enabled=&#8221;0&#8243;][et_pb_column type=&#8221;4_4&#8243; _builder_version=&#8221;4.16&#8243; custom_padding=&#8221;|||&#8221; global_colors_info=&#8221;{}&#8221; custom_padding__hover=&#8221;|||&#8221;][et_pb_text admin_label=&#8221;Text&#8221; _builder_version=&#8221;4.21.0&#8243; background_size=&#8221;initial&#8221; background_position=&#8221;top_left&#8221; background_repeat=&#8221;repeat&#8221; hover_enabled=&#8221;0&#8243; global_colors_info=&#8221;{}&#8221; sticky_enabled=&#8221;0&#8243;]<p><\/p>\n<p>En devenant adh\u00e9rent \u00e0 l\u2019association GouvInfo IAI, vous pouvez b\u00e9n\u00e9ficier notamment de ses services et vous impliquer dans ses initiatives :<\/p>\n<p><\/p>\n<p><\/p>\n<ul class=\"wp-block-list\">\n<li><strong>Invitation aux \u00e9v\u00e9nements<\/strong> de l&#8217;association (ILP, Verbatim, audition et remise de troph\u00e9e du concours des IAI-Awards, &#8230;)<\/li>\n<li><strong>Participation aux groupes de travail<\/strong> (production de l&#8217;ouvrage Oc\u00e9an Bleu, l&#8217;analyse des r\u00e9sultats de l&#8217;observatoire GouvInfo, ..)<\/li>\n<li><strong>Cr\u00e9ation et animation d&#8217;un groupe de travail,<\/strong><\/li>\n<li><strong>Services du r\u00e9seau social GouvInfo.net<\/strong> (D\u00e9bats, sondages, r\u00e9seau, \u00e9v\u00e9nements, fiches m\u00e9thode, &#8230;),<\/li>\n<li>Possibilit\u00e9 de <strong>concourir et de devenir co-mentor du concours des IAI-Awards<\/strong>,<\/li>\n<li>Implication dans les initiatives de nos partenaires,<\/li>\n<li>B\u00e9n\u00e9ficier de r\u00e9duction sur nos <strong>formations sp\u00e9cifiques<\/strong> sur la gouvernance de l&#8217;information et de ses donn\u00e9es, !<\/li>\n<\/ul>\n<p><\/p>\n<p><\/p>\n<p style=\"text-align: center;\">L&#8217;association est ouverte \u00e0 tous, <strong><a href=\"https:\/\/gouvinfo.org\/IAI\/lassociation-gouvinfo-iai\/\">rejoignez-nous<\/a><\/strong> !<\/p>\n<p style=\"text-align: center;\">\n<\/p><p><\/p>\n<p><\/p>\n<p><\/p>\n<p><\/p>\n<p><\/p>\n[\/et_pb_text][\/et_pb_column][\/et_pb_row][\/et_pb_section]","protected":false},"excerpt":{"rendered":"<p>En devenant adh\u00e9rent \u00e0&#8230;<\/p>\n","protected":false},"author":10002,"featured_media":0,"parent":0,"menu_order":0,"comment_status":"closed","ping_status":"closed","template":"","meta":{"_et_pb_use_builder":"on","_et_pb_old_content":"<!-- wp:paragraph -->\r\n<p>En devenant adh\u00e9rent \u00e0 l\u2019association GouvInfo IAI, vous pouvez b\u00e9n\u00e9ficier notamment de ses services et vous impliquer dans ses initiatives :<\/p>\r\n<!-- \/wp:paragraph -->\r\n\r\n<!-- wp:list -->\r\n<ul>\r\n<li><strong>Invitation aux \u00e9v\u00e9nements<\/strong> de l'association (ILP, Verbatim, audition et remise de troph\u00e9e du concours des IAI-Awards, ...)<\/li>\r\n<li><strong>Participation aux groupes de travail<\/strong> (production de l'ouvrage Oc\u00e9an Bleu, l'analyse des r\u00e9sultats de l'observatoire GouvInfo, ..)<\/li>\r\n<li><strong>Cr\u00e9ation et animation d'un groupe de travail,<\/strong><\/li>\r\n<li><strong>Services du r\u00e9seau social GouvInfo.net<\/strong> (D\u00e9bats, sondages, r\u00e9seau, \u00e9v\u00e9nements, fiches m\u00e9thode, ...),<\/li>\r\n<li>Possibilit\u00e9 de <strong>concourir et de devenir co-mentor du concours des IAI-Awards<\/strong>,<\/li>\r\n<li>Implication dans les initiatives de nos partenaires,<\/li>\r\n<li>B\u00e9n\u00e9ficier de r\u00e9duction sur nos <strong>formations sp\u00e9cifiques<\/strong> sur la gouvernance de l'information et de ses donn\u00e9es,<\/li>\r\n<\/ul>\r\n<!-- \/wp:list -->\r\n\r\n<!-- wp:paragraph -->\r\n<p>L'association est ouverte \u00e0 tous. Si vous souhaitez devenir membre, merci de t\u00e9l\u00e9charger et nous retourner <a href=\"https:\/\/gouvinfo.org\/IAI\/wp-content\/uploads\/Bulletin d adhesion GouvInfo IAI.pdf\" target=\"_blank\" rel=\"noreferrer noopener\"><strong>le bulletin d'adh\u00e9sion<\/strong><\/a> ou de renseigner le formulaire ci-dessous : <img class=\"wp-image-33903\" style=\"width: NaNpx;\" src=\"https:\/\/gouvinfo.org\/IAI\/wp-content\/uploads\/Bulletin-adhesion-2021-1.pdf\" alt=\"\" \/><\/p>\r\n<!-- \/wp:paragraph -->\r\n\r\n<!-- wp:separator --><hr class=\"wp-block-separator\" \/><!-- \/wp:separator -->\r\n\r\n<!-- wp:paragraph -->\r\n<p>[contact-form-7 id=\"33427\" title=\"Demande_dadhesion\"]<\/p>\r\n<!-- \/wp:paragraph -->\r\n\r\n<!-- wp:separator --><hr class=\"wp-block-separator\" \/><!-- \/wp:separator -->\r\n\r\n<!-- wp:paragraph -->\r\n<p>L'association GouvInfo IAI est partenaire avec la chaire <a href=\"https:\/\/chairestratgouvinfo.essec.edu\/\">ESSEC Strat\u00e9gie et Gouvernance de l\u2019information<\/a><\/p>\r\n<!-- \/wp:paragraph -->","_et_gb_content_width":"","jetpack_post_was_ever_published":false,"footnotes":""},"class_list":["post-33901","page","type-page","status-publish","hentry"],"yoast_head":"<!-- This site is optimized with the Yoast SEO plugin v27.3 - https:\/\/yoast.com\/product\/yoast-seo-wordpress\/ -->\n<title>Devenir adh\u00e9rent - #GouvInfo<\/title>\n<meta name=\"description\" content=\"La communaut\u00e9 de l&#039;info fait du flux Information un des fondamentaux de nos organisations, pour favoriser une bonne gouvernance de l&#039;information - IAI.\" \/>\n<meta name=\"robots\" content=\"index, follow, max-snippet:-1, max-image-preview:large, max-video-preview:-1\" \/>\n<link rel=\"canonical\" href=\"https:\/\/gouvinfo.org\/IAI\/devenir-adherent\/\" \/>\n<meta property=\"og:locale\" content=\"fr_FR\" \/>\n<meta property=\"og:type\" content=\"article\" \/>\n<meta property=\"og:title\" content=\"Devenir adh\u00e9rent - #GouvInfo\" \/>\n<meta property=\"og:description\" content=\"La communaut\u00e9 de l&#039;info fait du flux Information un des fondamentaux de nos organisations, pour favoriser une bonne gouvernance de l&#039;information - IAI.\" \/>\n<meta property=\"og:url\" content=\"https:\/\/gouvinfo.org\/IAI\/devenir-adherent\/\" \/>\n<meta property=\"og:site_name\" content=\"#GouvInfo\" \/>\n<meta property=\"article:modified_time\" content=\"2023-07-27T09:22:33+00:00\" \/>\n<meta property=\"og:image\" content=\"https:\/\/i0.wp.com\/gouvinfo.org\/IAI\/wp-content\/uploads\/Gouvinfo-3org-Prendre-son-pied.png?fit=534%2C661&ssl=1\" \/>\n\t<meta property=\"og:image:width\" content=\"534\" \/>\n\t<meta property=\"og:image:height\" content=\"661\" \/>\n\t<meta property=\"og:image:type\" content=\"image\/png\" \/>\n<meta name=\"twitter:card\" content=\"summary_large_image\" \/>\n<meta name=\"twitter:site\" content=\"@gouvinfo\" \/>\n<meta name=\"twitter:label1\" content=\"Dur\u00e9e de lecture estim\u00e9e\" \/>\n\t<meta name=\"twitter:data1\" content=\"1 minute\" \/>\n<script type=\"application\/ld+json\" class=\"yoast-schema-graph\">{\"@context\":\"https:\\\/\\\/schema.org\",\"@graph\":[{\"@type\":\"WebPage\",\"@id\":\"https:\\\/\\\/gouvinfo.org\\\/IAI\\\/devenir-adherent\\\/\",\"url\":\"https:\\\/\\\/gouvinfo.org\\\/IAI\\\/devenir-adherent\\\/\",\"name\":\"Devenir adh\u00e9rent - #GouvInfo\",\"isPartOf\":{\"@id\":\"https:\\\/\\\/gouvinfo.org\\\/IAI\\\/#website\"},\"datePublished\":\"2021-07-13T08:28:18+00:00\",\"dateModified\":\"2023-07-27T09:22:33+00:00\",\"description\":\"La communaut\u00e9 de l'info fait du flux Information un des fondamentaux de nos organisations, pour favoriser une bonne gouvernance de l'information - IAI.\",\"inLanguage\":\"fr-FR\",\"potentialAction\":[{\"@type\":\"ReadAction\",\"target\":[\"https:\\\/\\\/gouvinfo.org\\\/IAI\\\/devenir-adherent\\\/\"]}]},{\"@type\":\"WebSite\",\"@id\":\"https:\\\/\\\/gouvinfo.org\\\/IAI\\\/#website\",\"url\":\"https:\\\/\\\/gouvinfo.org\\\/IAI\\\/\",\"name\":\"#GouvInfo\",\"description\":\"D\u00e9velopper une vue globale des donn\u00e9es et de leurs gouvernances\",\"potentialAction\":[{\"@type\":\"SearchAction\",\"target\":{\"@type\":\"EntryPoint\",\"urlTemplate\":\"https:\\\/\\\/gouvinfo.org\\\/IAI\\\/?s={search_term_string}\"},\"query-input\":{\"@type\":\"PropertyValueSpecification\",\"valueRequired\":true,\"valueName\":\"search_term_string\"}}],\"inLanguage\":\"fr-FR\"}]}<\/script>\n<!-- \/ Yoast SEO plugin. -->","yoast_head_json":{"title":"Devenir adh\u00e9rent - #GouvInfo","description":"La communaut\u00e9 de l'info fait du flux Information un des fondamentaux de nos organisations, pour favoriser une bonne gouvernance de l'information - IAI.","robots":{"index":"index","follow":"follow","max-snippet":"max-snippet:-1","max-image-preview":"max-image-preview:large","max-video-preview":"max-video-preview:-1"},"canonical":"https:\/\/gouvinfo.org\/IAI\/devenir-adherent\/","og_locale":"fr_FR","og_type":"article","og_title":"Devenir adh\u00e9rent - #GouvInfo","og_description":"La communaut\u00e9 de l'info fait du flux Information un des fondamentaux de nos organisations, pour favoriser une bonne gouvernance de l'information - IAI.","og_url":"https:\/\/gouvinfo.org\/IAI\/devenir-adherent\/","og_site_name":"#GouvInfo","article_modified_time":"2023-07-27T09:22:33+00:00","og_image":[{"width":534,"height":661,"url":"https:\/\/i0.wp.com\/gouvinfo.org\/IAI\/wp-content\/uploads\/Gouvinfo-3org-Prendre-son-pied.png?fit=534%2C661&ssl=1","type":"image\/png"}],"twitter_card":"summary_large_image","twitter_site":"@gouvinfo","twitter_misc":{"Dur\u00e9e de lecture estim\u00e9e":"1 minute"},"schema":{"@context":"https:\/\/schema.org","@graph":[{"@type":"WebPage","@id":"https:\/\/gouvinfo.org\/IAI\/devenir-adherent\/","url":"https:\/\/gouvinfo.org\/IAI\/devenir-adherent\/","name":"Devenir adh\u00e9rent - #GouvInfo","isPartOf":{"@id":"https:\/\/gouvinfo.org\/IAI\/#website"},"datePublished":"2021-07-13T08:28:18+00:00","dateModified":"2023-07-27T09:22:33+00:00","description":"La communaut\u00e9 de l'info fait du flux Information un des fondamentaux de nos organisations, pour favoriser une bonne gouvernance de l'information - IAI.","inLanguage":"fr-FR","potentialAction":[{"@type":"ReadAction","target":["https:\/\/gouvinfo.org\/IAI\/devenir-adherent\/"]}]},{"@type":"WebSite","@id":"https:\/\/gouvinfo.org\/IAI\/#website","url":"https:\/\/gouvinfo.org\/IAI\/","name":"#GouvInfo","description":"D\u00e9velopper une vue globale des donn\u00e9es et de leurs gouvernances","potentialAction":[{"@type":"SearchAction","target":{"@type":"EntryPoint","urlTemplate":"https:\/\/gouvinfo.org\/IAI\/?s={search_term_string}"},"query-input":{"@type":"PropertyValueSpecification","valueRequired":true,"valueName":"search_term_string"}}],"inLanguage":"fr-FR"}]}},"jetpack_shortlink":"https:\/\/wp.me\/P3WHBZ-8ON","jetpack_sharing_enabled":true,"_links":{"self":[{"href":"https:\/\/gouvinfo.org\/IAI\/wp-json\/wp\/v2\/pages\/33901","targetHints":{"allow":["GET"]}}],"collection":[{"href":"https:\/\/gouvinfo.org\/IAI\/wp-json\/wp\/v2\/pages"}],"about":[{"href":"https:\/\/gouvinfo.org\/IAI\/wp-json\/wp\/v2\/types\/page"}],"author":[{"embeddable":true,"href":"https:\/\/gouvinfo.org\/IAI\/wp-json\/wp\/v2\/users\/10002"}],"replies":[{"embeddable":true,"href":"https:\/\/gouvinfo.org\/IAI\/wp-json\/wp\/v2\/comments?post=33901"}],"version-history":[{"count":6,"href":"https:\/\/gouvinfo.org\/IAI\/wp-json\/wp\/v2\/pages\/33901\/revisions"}],"predecessor-version":[{"id":34919,"href":"https:\/\/gouvinfo.org\/IAI\/wp-json\/wp\/v2\/pages\/33901\/revisions\/34919"}],"wp:attachment":[{"href":"https:\/\/gouvinfo.org\/IAI\/wp-json\/wp\/v2\/media?parent=33901"}],"curies":[{"name":"wp","href":"https:\/\/api.w.org\/{rel}","templated":true}]}}